se 10?
-13197
Convert 11042 (base 6) to base 9.
2088
Convert 10761 (base 9) to base 3.
100212001
Convert -1837 (base 9) to base 3.
-1221021
What is 1031 (base 6) in base 15?
10a
-36a (base 12) to base 8
-1002
Convert -2951 (base 10) to base 13.
-1460
What is -6086 (base 15) in base 14?
-75d6
Convert 53d (base 14) to base 7.
3006
Convert -21210300 (base 4) to base 8.
-114460
107202 (base 8) to base 12
19142
18350 (base 9) to base 8
30611
What is 23435 (base 7) in base 13?
29a8
-221 (base 10) to base 12
-165
What is -1141 (base 12) in base 2?
-11110000001
Convert 201112 (base 3) to base 10.
527
What is -2350 (base 6) in base 16?
-23a
What is -144031 (base 5) in base 2?
-1011111111101
267 (base 16) to base 3
211210
Convert 4403 (base 5) to base 8.
1133
Convert 205 (base 12) to base 8.
445
What is 1272 (base 8) in base 15?
318
What is 4220 (base 6) in base 11?
792
-c8a (base 13) to base 6
-13530
What is 20022 (base 4) in base 7?
1344
Convert -13226 (base 7) to base 12.
-2078
110227 (base 9) to base 8
200405
11110010011 (base 2) to base 10
1939
What is 1112 (base 3) in base 12?
35
Convert 120606 (base 8) to base 10.
41350
Convert -1210210120 (base 3) to base 13.
-13266
4276 (base 8) to base 12
1366
Convert c08 (base 16) to base 4.
300020
13231 (base 4) to base 2
111101101
Convert -5bd3 (base 15) to base 13.
-8b89
What is 111001013 (base 4) in base 3?
11101002102
Convert 2650 (base 11) to base 14.
137d
What is -10772 (base 9) in base 16?
-1c19
What is 5482 (base 10) in base 12?
320a
Convert -230021 (base 5) to base 13.
-391b
Convert 3166 (base 8) to base 12.
b5a
254514 (base 7) to base 6
1002423
-8105 (base 9) to base 2
-1011100011110
Convert -4416 (base 7) to base 5.
-22311
What is 10431 (base 6) in base 3?
2000001
-16683 (base 13) to base 8
-123560
Convert 1020 (base 4) to base 11.
66
-21011 (base 3) to base 16
-c1
What is -12012202 (base 3) in base 15?
-11d5
What is 578 (base 11) in base 14?
374
What is -3685 (base 11) in base 9?
-6536
Convert -2069 (base 16) to base 7.
-33122
What is 11a6 (base 12) in base 7?
5553
-878 (base 12) to base 2
-10011011100
Convert 1002021 (base 3) to base 14.
406
What is 758b (base 12) in base 16?
327b
What is -892 (base 11) in base 3?
-1110121
What is -70 (base 15) in base 5?
-410
Convert 841 (base 9) to base 13.
409
Convert 237 (base 10) to base 7.
456
What is -7284 (base 9) in base 3?
-21022211
Convert 15f (base 16) to base 7.
1011
4276 (base 8) to base 14
b5c
Convert 4431 (base 12) to base 14.
2a57
Convert 3 (base 9) to base 10.
3
Convert 16074 (base 9) to base 16.
2afa
1110110000 (base 2) to base 4
32300
Convert 40501 (base 8) to base 6.
205201
Convert -200774 (base 8) to base 15.
-1487e
Convert 123771 (base 8) to base 16.
a7f9
226 (base 16) to base 12
39a
What is -3919 (base 16) in base 7?
-60421
What is 1014111 (base 6) in base 9?
74017
-3b (base 13) to base 5
-200
Convert 122100 (base 4) to base 15.
770
Convert -105054 (base 6) to base 13.
-407b
Convert 333 (base 10) to base 12.
239
Convert -144313 (base 6) to base 2.
-11011001110101
What is -557 (base 16) in base 4?
-111113
What is -4a45 (base 12) in base 16?
-20d5
-12a6 (base 16) to base 10
-4774
-161 (base 8) to base 12
-95
Convert 210132 (base 5) to base 11.
5219
What is -1111101111 (base 2) in base 7?
-2636
112142 (base 5) to base 13
1ac4
2843 (base 9) to base 6
13533
91 (base 12) to base 9
131
What is -161033 (base 7) in base 3?
-1121022122
10010221 (base 5) to base 3
11000002221
What is 842 (base 10) in base 11?
6a6
Convert -1875 (base 12) to base 2.
-101110011001
What is 243 (base 9) in base 7?
405
Convert -1112100212 (base 3) to base 13.
-10958
Convert 3eb (base 16) to base 15.
46d
Convert 8443 (base 9) to base 3.
22111110
413400 (base 6) to base 3
1200112100
Convert -1000010111011 (base 2) to base 13.
-1c46
-110 (base 2) to base 12
-6
What is 4553 (base 8) in base 12?
148b
What is 10 (base 16) in base 7?
22
Convert -785 (base 9) to base 3.
-212212
-303312 (base 4) to base 7
-12450
Convert 3033110 (base 5) to base 3.
2111102120
-37076 (base 8) to base 9
-23764
-10100001 (base 2) to base 8
-241
1134 (base 6) to base 12
1aa
Convert 408 (base 11) to base 10.
492
Convert -d22 (base 14) to base 3.
-10112111
261 (base 9) to base 14
117
-86e (base 15) to base 14
-9a0
Convert -1f20 (base 16) to base 6.
-100520
What is -360 (base 11) in base 4?
-12231
What is 110111110 (base 2) in base 5?
3241
Convert -3343 (base 7) to base 5.
-14312
What is -606 (base 8) in base 5?
-3030
What is 41322 (base 5) in base 12?
16a0
Convert -e2 (base 15) to base 7.
-422
45034 (base 9) to base 5
1424140
Convert -14a (base 14) to base 16.
-106
20396 (base 11) to base 9
44725
-bd45 (base 15) to base 13
-1534a
Convert -262 (base 10) to base 5.
-2022
Convert 1a7a4 (base 12) to base 4.
21203230
Convert -101100010 (base 2) to base 13.
-213
Convert 21010 (base 6) to base 4.
223332
What is 1087 (base 9) in base 13?
4a2
-110101100100 (base 2) to base 9
-4628
What is -11023113 (base 4) in base 15?
-643c
What is -10046 (base 9) in base 2?
-1100111001011
What is -79a (base 13) in base 6?
-10022
Convert -2053 (base 8) to base 11.
-890
Convert -10310 (base 5) to base 6.
-3133
-3286 (base 10) to base 4
-303112
-10000100010000010 (base 2) to base 15
-150e4
What is 528 (base 11) in base 7?
1565
b93 (base 12) to base 6
11503
Convert -1132224 (base 5) to base 8.
-50713
Convert 18564 (base 14) to base 7.
344054
What is -3295 (base 13) in base 11?
-5330
Convert -1111010111 (base 2) to base 11.
-814
Convert 2b80 (base 15) to base 11.
7026
45c (base 14) to base 4
31202
Convert 20211121 (base 3) to base 7.
20350
-204657 (base 8) to base 11
-47112
Convert -2114 (base 5) to base 15.
-13e
-6b1 (base 13) to base 2
-10010000110
What is 2132121 (base 4) in base 5?
311022
-352 (base 6) to base 11
-118
27373 (base 8) to base 2
10111011111011
What is -101110111 (base 2) in base 13?
-22b
-427 (base 9) to base 6
-1341
What is -437c (base 16) in base 11?
-11a86
What is -655 (base 10) in base 9?
-807
Convert -4125 (base 6) to base 12.
-645
Convert 63184 (base 9) to base 2.
1010001011101110
Convert 2100010 (base 3) to base 8.
3250
-14212 (base 9) to base 7
-40064
Convert -14082 (base 9) to base 10.
-9551
-2220220011 (base 3) to base 9
-86804
What is 210012120 (base 3) in base 14?
58c3
What is 2050 (base 6) in base 14?
250
What is 10c0 (base 13) in base 7?
6601
-5053 (base 6) to base 12
-789
-12856 (base 10) to base 8
-31070
Convert -576c (base 16) to base 12.
-10b50
What is -56017 (base 8) in base 2?
-101110000001111
363 (base 13) to base 7
1500
331515 (base 6) to base 10
27623
Convert -276 (base 12) to base 8.
-572
-113312 (base 4) to base 10
-1526
What is -4366 (base 7) in base 8?
-3037
-134415 (base 6) to base 3
-122101202
What is -1002031 (base 4) in base 2?
-1000010001101
Convert 428 (base 10) to base 12.
2b8
Convert -8294 (base 10) to base 4.
-2001212
Convert -285 (base 13) to base 8.
-677
-61213 (base 10) to base 3
-10002222011
What is -35414 (base 6) in base 7?
-20635
Convert -1000000111111 (base 2) to base 16.
-103f
What is -103424 (base 6) in base 8?
-20610
Convert 93a (base 14) to base 4.
130120
What is -8543 (base 9) in base 14?
-2404
140550 (base 7) to base 16
6843
What is 30011 (base 4) in base 7?
2153
Convert -10011101000 (base 2) to base 16.
-4e8
What is -11311 (base 9) in base 11?
-5738
What is 27214 (base 8) in base 13?
5568
What is 2677 (base 9) in base 13?
bbc
Convert 1100111100 (base 2) to base 8.
1474
20301 (base 5) to base 14
6aa
Convert 3856 (base 9) to base 16.
b46
Convert 20043 (base 6) to base 3.
10121000
What is 1160 (base 8) in base 15?
2b9
What is 5c (base 16) in base 10?
92
Convert 2210 (base 11) to base 14.
10c3
What is -15067 (base 9) in base 15?
-3097
60377 (base 10) to base 6
1143305
What is -4756 (base 12) in base 13?
-3834
What is 3131 (base 9) in base 3?
10011001
-2002022 (base 3) to base 2
-10111110000
What is -102221 (base 3) in base 11?
-273
291b (base 15) to base 6
104425
Convert -11243 (base 5) to base 4.
-30313
What is d72 (base 15) in base 4?
233120
What is -23322 (base 4) in base 3?
-1001020
Convert -2899 (base 16) to base 12.
-6021
Convert 111122 (base 6) to base 10.
9338
What is 1402 (base 10) in base 16?
57a
Convert 171 (base 12) to base 3.
22111
-230 (base 12) to b